- 6. List the prime factors of k.
2, 7
Let i = 7 - 7. Suppose -9*l = -4*l - 4*q - 20, i = -l - 2*q - 10. Suppose -4*o = -l*o - 44. What are the prime factors of o?
11
Suppose 3*m - 59 = 5*j, j + 0*m - 3*m + 19 = 0. Let w = 0 - j. What are the prime factors of w?
2, 5
Suppose 2*r + x - 67 = 0, 3*r - r + 4*x - 82 = 0. Suppose -r = -4*q + 9. What are the prime factors of q?
2, 5
Suppose -4*n + 5*r = -5*n + 99, r - 180 = -2*n. List the prime factors of n.
89
Suppose -2*f - 384 = -10*f. What are the prime factors of f?
2, 3
Suppose 0 = 3*r - r - 16. Suppose 0 = -z - 3*z + r. What are the prime factors of z?
2
Suppose 290 = 6*i - i. List the prime factors of i.
2, 29
Suppose -19*j = -20*j + 36. What are the prime factors of j?
2, 3
Suppose -3*z + 11 + 36 = -2*g, -14 = -z + g. What are the prime factors of z?
19
Let w(l) = -l**2 - 8*l + 5. Let y be w(-9). Let m be y/(-6) - (-38)/6. Let j = 10 - m. List the prime factors of j.
3
Let s = 146 - 104. List the prime factors of s.
2, 3, 7
Let p(g) = -g**3 + 6*g**2 - 6*g + 3. Let a be p(5). List the prime factors of 206/14 - a/7.
3, 5
Suppose l - d = 417, -l + 4*d + 402 = -0*d. List the prime factors of l.
2, 211
Let d(u) be the second derivative of u**5/10 + u. Let m be (-2)/(-3)*30/20. What are the prime factors of d(m)?
2
List the prime factors of -1 + 2/(2/61).
2, 3, 5
Let q(c) = -c - 2. Let u be q(-4). Suppose -r + 1 + 30 = -5*o, -5*o = -u*r + 47. What are the prime factors of r?
2
Let o = 2 - 5. List the prime factors of 1/o - (-114)/18.
2, 3
Suppose -2*n = 2*n - 12. Suppose -2*b + 20 = n*y - 2, 0 = -3*b - 5*y + 35. What are the prime factors of b?
5
Let d(k) = k**3 + 6*k**2 - 14*k + 2. List the prime factors of d(-7).
3, 17
Let s(r) be the third derivative of 0*r + 2*r**2 + 1/120*r**6 - 1/24*r**4 - 1/60*r**5 + 0 + 1/2*r**3. List the prime factors of s(0).
3
Let l = 75 + 275. List the prime factors of l.
2, 5, 7
Let r(z) = 3 + 0 + 2 - 4 - z. Let f be r(-3). Suppose 1 = o - 4*u + 8, 2*o - f = 2*u. List the prime factors of o.
5
Let g(v) = -5*v. Let q be g(1). Let u = q - -10. Suppose 0 = 5*x - u*t - 40, -5*t = -x - 3*x + 35. List the prime factors of x.
5
Suppose 4 - 1 = -t. List the prime factors of t/(-9) + (-46)/(-6).
2
Let t be 48/(-8) - -2*1. Let f = t - -5. List the prime factors of f/(-3) - (-61)/3.
2, 5
Let j(x) = -x**3 + 1. Let k be j(-2). Let l = k - 5. Suppose w - 20 = -l*z - 0, 0 = 5*z + 2*w - 28. List the prime factors of z.
2
Suppose 3*t - 1 = -7. Let y be t/(-6) - (-150)/9. Suppose -4*n - 2*h = -18, 3*n = -2*n + 3*h + y. List the prime factors of n.
2
Let u(f) = -f + 15. List the prime factors of u(-6).
3, 7
Suppose 5*p - a = 120, -4*p + 127 - 10 = -5*a. What are the prime factors of p?
23
Suppose -6*x + 2*x = 5*i - 42, 4*i + 34 = 2*x. What are the prime factors of (-1)/(-2)*130/x?
5
Suppose 2*d + 2*d = 40. Suppose 8*j - d = 3*j. What are the prime factors of j?
2
Let z(h) = -2*h. Let x be z(1). Let d(q) = 8*q**2 + 3*q. What are the prime factors of d(x)?
2, 13
Suppose -2*j - 5*q = -198, -j + 2*j - 69 = 5*q. What are the prime factors of j?
89
Let j(f) = f - 2. Let q be j(6). Suppose q*c - 8 = -4*t, 2*c - 6*c - 16 = 0. Let i(n) = n**2 - 5*n - 4. List the prime factors of i(t).
2
Suppose -2*p + 13 = -x, -28 = -4*p + 3*x - 1. Let k = -4 + p. List the prime factors of k.
2
Let r(o) = -20*o + 1. Let a be r(2). Let n = -16 - a. What are the prime factors of n?
23
Suppose -2 = -0*w + w. Let f = 6 + w. Suppose -3*d + 25 = 2*i, 40 = f*d + 3*i - 7*i. List the prime factors of d.
3
Let r = 16 - 6. List the prime factors of r.
2, 5
Let z be 4/6*(6 - 3). Suppose 0 = z*w, 0 = -3*t + 4*w + 40 - 4. List the prime factors of t.
2, 3
What are the prime factors of (48/(-2))/(1/(-2 + -3))?
2, 3, 5
Let c(w) be the second derivative of -3*w**5/20 - w**3/6 - w**2/2 - 2*w. Let d be c(-1). Let h = d + 2. What are the prime factors of h?
5
Let o be 56/21*(-9)/(-2). Suppose o - 4 = -4*x. What are the prime factors of 0/x - (-11 + 3)?
2
Let g(y) = y**3 - 5*y**2 + y - 1. Let h be g(5). List the prime factors of -2*(4 + -7 - h).
2, 7
Let x be 1 - (2 + -2 + 1). Suppose -2*d = -3*i - 57, 63 = 2*d + 3*i - x*i. What are the prime factors of d?
2, 3, 5
Let o be -1 + 7/(21/18). Let h(m) = -m**3 + 5*m**2. Let p be h(o). Suppose p = -u + 7 + 1. What are the prime factors of u?
2
Let c(d) = -d - 7. Let p be c(6). Let x = p - -28. List the prime factors of x.
3, 5
Suppose -4*x - 4*r = 68, -x - 2*r - 5 = 2*r. Let a = 71 + -102. Let g = x - a. List the prime factors of g.
2, 5
Let x(d) = -d**2 - 4*d - 6*d - 15 + 12. What are the prime factors of x(-8)?
13
Let o = -4 - -8. List the prime factors of (50/15)/(o/6).
5
Suppose -k - 5*f + 17 = 0, -5*f = 4*k - 0*f - 38. Let m be (-1 + k)*6/(-4). Let s = 2 - m. What are the prime factors of s?
11
Let v = -39 + 121. What are the prime factors of v?
2, 41
Suppose -14 = -2*p - 4*z, 2*z + z = p + 3. List the prime factors of p.
3
Let p(l) = -2*l - 1. Let b(u) = 1. Let d(q) = -3*b(q) - p(q). Let w be d(-2). What are the prime factors of -1 - -2*w/(-4)?
2
Let w = 9 - -24. List the prime factors of w.
3, 11
Suppose o + 20 = -4*h + 3*o, 0 = 2*h - 3*o + 18. Let v = h + 17. List the prime factors of v.
2, 7
Suppose 176 = 2*r + 36. What are the prime factors of r?
2, 5, 7
Suppose 9*z = 4*z + 20. Suppose 0 = z*d + 5*p - 48, 0 = -4*p - p + 20. Suppose -1 = l - 3*o - d, 48 = 5*l + 3*o. List the prime factors of l.
3
Let t = -376 + 570. List the prime factors of t.
2, 97
Let r = -72 - -84. What are the prime factors of r?
2, 3
Suppose 0 = -4*f - 5 - 3. List the prime factors of (-5)/f*(-5 - -9).
2, 5
Suppose 9*f - 2587 = 41. List the prime factors of f.
2, 73
Suppose 2*b - 1 - 3 = 0. Let d(f) = 2*f**2 + 2*f - 2. List the prime factors of d(b).
2, 5
Suppose 6 = -9*c + 78. List the prime factors of c.
2
Let w(t) = -t + 4. Let b be w(0). Let l = 2 + b. Let j = l - 2. What are the prime factors of j?
2
Let v = -4 - -6. Let n(t) = 2*t - 2. Let s be n(v). Suppose 0 = 3*g + s*g - 45. List the prime factors of g.
3
Let r be -1 - 1/(2/(-6)). Suppose 0 = -0*f + 2*f + r. Let h = f + 13. List the prime factors of h.
2, 3
Suppose 0 = -4*i + 4*q - 24, -5*q = -3*i - 9 - 17. List the prime factors of 1/i*3*-16.
2, 3
What are the prime factors of (122/4)/((-1)/(-2))?
61
Suppose p = 5*p + 16. Let v = p + 8. Suppose -2*y + v + 8 = 0. List the prime factors of y.
2, 3
Suppose 3*m - 2 = 4*m, 5*m = -4*y + 10. What are the prime factors of y?
5
Let m(z) = -8 + 18 - 11 - 5 + 5*z. What are the prime factors of m(6)?
2, 3
Suppose -3*y = -4*r - 25, 0*r + 29 = 3*y - 5*r. Suppose 0 = -5*b - 25, 5*b - y = 2*a + 52. List the prime factors of (16/a)/((-1)/5).
2
Let n(y) = y**2 + y + 1. Suppose 3*c + 2 = 8. What are the prime factors of n(c)?
7
Suppose 5*d + 0 - 10 = 0. Let a(o) = o**2 + 10*o - 1. Let k be a(-11). Suppose d = y - k. List the prime factors of y.
2, 3
Suppose 9 = -3*z - 6. Let f = 20 + z. List the prime factors of f.
3, 5
Let w(m) be the second derivative of -m**6/180 - m**5/20 - m**4/12 - m. Let g(d) be the third derivative of w(d). List the prime factors of g(-4).
2, 5
Let v be (9/3 + -2)*1. Suppose -2*t + v = -19. Let p = t - 5. List the prime factors of p.
5
Let t = 9 + 9. List the prime factors of t.
2, 3
Let f(w) = 7*w**2 + 5*w + 5. What are the prime factors of f(-2)?
23
Suppose h = 3*m - 46, -4*h + 88 = 6*m - 2*m. What are the prime factors of m?
17
List the prime factors of (4 + 2)*11/2.
3, 11
Let q(t) = t**2 + 4*t + 3. List the prime factors of q(-9).
2, 3
Let j be 0/1 - (0 + -1). Let z be (0/2)/(-1) + 1. Let s = z + j. List the prime factors of s.
2
Let p = 0 - -1. Let b be (-15)/(-9) + (-1)/(-3). Suppose b = c - p. List the prime factors of c.
3
Let o(w) = -5*w - 4. Let j be o(3). Let q = j + 27. Suppose -x = -2*x + q. List the prime factors of x.
2
Let x(m) = -m**2 + 7*m + 1. Let h be x(7). Let n = -25 + 28. Let o = n - h. What are the prime factors of o?
2
Let h be (-5)/15 - 19/(-3). Suppose -h*m + 251 = 29. List the prime factors of m.
37
Let y be 52/9 - 4/(-18). Let g(p) = p**2 - 3*p - 1. List the prime factors of g(y).
17
Let x(c) = c**2 - 4. Suppose -2*v + 2 - 12 = 0. Let h be x(v). Suppose -3*u - 6 + h = 0. What are the prime factors of u?
5
Let x(r) = -r**3 - 5*r**2 - 7*r - 6. Let j be x(-4). 